and 420?
105
Calculate the highest common factor of 1194 and 66.
6
What is the highest common divisor of 288 and 72?
72
Calculate the greatest common divisor of 342 and 456.
114
Calculate the greatest common factor of 13 and 403.
13
What is the highest common divisor of 90 and 10?
10
Calculate the highest common divisor of 25 and 225.
25
What is the greatest common divisor of 10 and 80?
10
What is the greatest common divisor of 14 and 1022?
14
Calculate the greatest common divisor of 798 and 1302.
42
What is the greatest common factor of 8 and 108?
4
Calculate the greatest common divisor of 190 and 32.
2
What is the greatest common factor of 5 and 55?
5
What is the greatest common factor of 315 and 84?
21
Calculate the highest common factor of 16 and 3512.
8
What is the highest common factor of 15 and 345?
15
What is the highest common factor of 893 and 94?
47
What is the highest common factor of 5660 and 20?
20
What is the greatest common factor of 135 and 27?
27
Calculate the greatest common factor of 5434 and 52.
26
Calculate the highest common factor of 14 and 7042.
14
What is the greatest common factor of 78 and 186?
6
What is the greatest common factor of 1133 and 206?
103
Calculate the highest common divisor of 6140 and 80.
20
Calculate the highest common factor of 17893 and 58.
29
What is the highest common divisor of 266 and 513?
19
What is the greatest common divisor of 462 and 28?
14
What is the greatest common divisor of 120 and 498?
6
Calculate the highest common factor of 99 and 3949.
11
What is the greatest common factor of 4 and 144?
4
Calculate the greatest common divisor of 43 and 989.
43
Calculate the greatest common divisor of 14375 and 115.
115
What is the greatest common divisor of 1406 and 3959?
37
Calculate the highest common factor of 5085 and 105.
15
What is the greatest common factor of 732 and 96?
12
Calculate the highest common divisor of 28 and 212.
4
What is the highest common divisor of 1196 and 286?
26
Calculate the highest common divisor of 27 and 285.
3
Calculate the greatest common divisor of 9 and 9459.
9
What is the greatest common divisor of 2 and 170?
2
What is the greatest common divisor of 380 and 560?
20
Calculate the highest common factor of 603 and 27.
9
What is the highest common factor of 150 and 190?
10
Calculate the highest common divisor of 16 and 496.
16
What is the greatest common divisor of 17360 and 651?
217
What is the greatest common divisor of 3900 and 20?
20
Calculate the highest common factor of 3630 and 10.
10
What is the highest common divisor of 480 and 5680?
80
Calculate the highest common divisor of 49 and 3479.
49
What is the highest common factor of 126 and 18?
18
Calculate the highest common divisor of 144 and 80.
16
What is the highest common factor of 690 and 8?
2
What is the highest common divisor of 40 and 680?
40
Calculate the highest common factor of 1 and 25.
1
What is the highest common divisor of 12756 and 12?
12
Calculate the highest common divisor of 248 and 93.
31
What is the greatest common factor of 135 and 360?
45
Calculate the greatest common divisor of 1527 and 3.
3
What is the highest common divisor of 639 and 18?
9
Calculate the highest common divisor of 14 and 5558.
14
Calculate the greatest common factor of 96 and 132.
12
What is the greatest common factor of 576 and 24?
24
Calculate the highest common factor of 160 and 36.
4
What is the greatest common divisor of 51 and 85?
17
Calculate the highest common divisor of 2060 and 20.
20
What is the highest common divisor of 756 and 432?
108
What is the greatest common divisor of 1590 and 66?
6
Calculate the greatest common divisor of 210 and 4970.
70
Calculate the highest common factor of 8 and 184.
8
Calculate the highest common factor of 244 and 12.
4
Calculate the greatest common divisor of 306 and 18.
18
Calculate the highest common factor of 76 and 12.
4
What is the highest common factor of 11 and 1639?
11
What is the greatest common divisor of 118 and 16402?
118
Calculate the greatest common factor of 714 and 2346.
102
What is the highest common factor of 4020 and 469?
67
What is the greatest common divisor of 950 and 25?
25
Calculate the greatest common factor of 8696 and 32.
8
Calculate the highest common divisor of 24476 and 116.
116
What is the highest common divisor of 40 and 360?
40
Calculate the highest common factor of 23836 and 236.
236
What is the highest common divisor of 275 and 110?
55
Calculate the greatest common divisor of 27 and 11.
1
Calculate the greatest common factor of 16 and 164.
4
Calculate the highest common factor of 520 and 325.
65
What is the highest common factor of 400 and 240?
80
What is the greatest common factor of 1245 and 10?
5
What is the highest common divisor of 1400 and 2310?
70
Calculate the greatest common factor of 8 and 2048.
8
What is the highest common divisor of 37 and 2738?
37
Calculate the highest common divisor of 702 and 78.
78
Calculate the greatest common divisor of 4 and 3.
1
What is the highest common factor of 780 and 240?
60
What is the highest common factor of 4536 and 336?
168
What is the greatest common divisor of 595 and 255?
85
What is the highest common divisor of 126 and 180?
18
What is the greatest common factor of 1 and 1?
1
Calculate the highest common divisor of 320 and 7088.
16
What is the greatest common factor of 48 and 656?
16
What is the greatest common factor of 30 and 138?
6
Calculate the greatest common divisor of 2074 and 976.
122
What is the highest common factor of 30 and 10?
10
Calculate the greatest common divisor of 21 and 203.
7
What is the highest common factor of 328 and 6437?
41
Calculate the highest common factor of 585 and 65.
65
Calculate the highest common divisor of 1300 and 300.
100
Calculate the greatest common factor of 15 and 55.
5
What is the greatest common factor of 588 and 168?
84
What is the greatest common factor of 376 and 47?
47
Calculate the greatest common factor of 39 and 1326.
39
What is the highest common divisor of 45 and 6120?
45
Calculate the highest common factor of 168 and 105.
21
What is the highest common factor of 234 and 4095?
117
Calculate the greatest common factor of 37 and 851.
37
Calculate the highest common divisor of 7429 and 2261.
323
What is the greatest common divisor of 1023 and 33?
33
Calculate the greatest common divisor of 6921 and 9.
9
What is the highest common factor of 12 and 16902?
6
Calculate the highest common factor of 455 and 819.
91
What is the highest common divisor of 1054 and 2356?
62
Calculate the highest common factor of 667 and 115.
23
Calculate the greatest common factor of 924 and 44.
44
What is the highest common factor of 36 and 171?
9
Calculate the highest common divisor of 12 and 16428.
12
Calculate the highest common divisor of 730 and 320.
10
Calculate the greatest common factor of 1320 and 1265.
55
Calculate the highest common divisor of 66 and 44.
22
What is the highest common divisor of 468 and 962?
26
Calculate the greatest common divisor of 416 and 26.
26
Calculate the greatest common divisor of 6 and 2994.
6
Calculate the highest common factor of 153 and 136.
17
Calculate the highest common divisor of 53 and 49.
1
What is the highest common divisor of 12 and 5034?
6
What is the greatest common factor of 96 and 576?
96
What is the highest common divisor of 27 and 21?
3
Calculate the highest common divisor of 18 and 42.
6
What is the highest common divisor of 1650 and 2574?
66
What is the highest common divisor of 35 and 644?
7
Calculate the greatest common divisor of 33 and 297.
33
What is the highest common divisor of 1 and 22?
1
What is the highest common divisor of 51 and 629?
17
What is the greatest common divisor of 576 and 128?
64
What is the greatest common divisor of 22 and 418?
22
What is the greatest common divisor of 126 and 16317?
63
What is the greatest common divisor of 14840 and 100?
20
What is the highest common factor of 123 and 18737?
41
Calculate the greatest common factor of 167 and 1.
1
Calculate the highest common factor of 15 and 52365.
15
What is the highest common factor of 3528 and 21?
21
What is the highest common factor of 54 and 45?
9
What is the highest common divisor of 15 and 21?
3
What is the highest common divi